{"id":30,"date":"2023-08-31T14:05:28","date_gmt":"2023-08-31T14:05:28","guid":{"rendered":"https:\/\/www2.gigant.cz\/?page_id=30"},"modified":"2023-09-04T10:21:29","modified_gmt":"2023-09-04T08:21:29","slug":"sluzby","status":"publish","type":"page","link":"https:\/\/www.gigant.cz\/?page_id=30","title":{"rendered":"Slu\u017eby"},"content":{"rendered":"\t\t<div data-elementor-type=\"wp-page\" data-elementor-id=\"30\" class=\"elementor elementor-30\">\n\t\t\t\t\t\t<section class=\"elementor-section elementor-top-section elementor-element elementor-element-f1d24df elementor-section-boxed elementor-section-height-default elementor-section-height-default\" data-id=\"f1d24df\" data-element_type=\"section\" data-e-type=\"section\">\n\t\t\t\t\t\t<div class=\"elementor-container elementor-column-gap-default\">\n\t\t\t\t\t<div class=\"elementor-column elementor-col-100 elementor-top-column elementor-element elementor-element-1f9395a\" data-id=\"1f9395a\" data-element_type=\"column\" data-e-type=\"column\">\n\t\t\t<div class=\"elementor-widget-wrap elementor-element-populated\">\n\t\t\t\t\t\t<div class=\"elementor-element elementor-element-ab8d956 elementor-widget elementor-widget-spacer\" data-id=\"ab8d956\" data-element_type=\"widget\" data-e-type=\"widget\" data-widget_type=\"spacer.default\">\n\t\t\t\t<div class=\"elementor-widget-container\">\n\t\t\t\t\t\t\t<div class=\"elementor-spacer\">\n\t\t\t<div class=\"elementor-spacer-inner\"><\/div>\n\t\t<\/div>\n\t\t\t\t\t\t<\/div>\n\t\t\t\t<\/div>\n\t\t\t\t\t<\/div>\n\t\t<\/div>\n\t\t\t\t\t<\/div>\n\t\t<\/section>\n\t\t\t\t<section class=\"elementor-section elementor-top-section elementor-element elementor-element-e00c411 elementor-section-boxed elementor-section-height-default elementor-section-height-default\" data-id=\"e00c411\" data-element_type=\"section\" data-e-type=\"section\" data-settings=\"{&quot;background_background&quot;:&quot;classic&quot;}\">\n\t\t\t\t\t\t<div class=\"elementor-container elementor-column-gap-default\">\n\t\t\t\t\t<div class=\"elementor-column elementor-col-100 elementor-top-column elementor-element elementor-element-99f0bf7\" data-id=\"99f0bf7\" data-element_type=\"column\" data-e-type=\"column\">\n\t\t\t<div class=\"elementor-widget-wrap elementor-element-populated\">\n\t\t\t\t\t\t<div class=\"elementor-element elementor-element-cd99f21 elementor-widget elementor-widget-spacer\" data-id=\"cd99f21\" data-element_type=\"widget\" data-e-type=\"widget\" data-widget_type=\"spacer.default\">\n\t\t\t\t<div class=\"elementor-widget-container\">\n\t\t\t\t\t\t\t<div class=\"elementor-spacer\">\n\t\t\t<div class=\"elementor-spacer-inner\"><\/div>\n\t\t<\/div>\n\t\t\t\t\t\t<\/div>\n\t\t\t\t<\/div>\n\t\t\t\t\t<\/div>\n\t\t<\/div>\n\t\t\t\t\t<\/div>\n\t\t<\/section>\n\t\t\t\t<section class=\"elementor-section elementor-top-section elementor-element elementor-element-d26e450 elementor-section-boxed elementor-section-height-default elementor-section-height-default\" data-id=\"d26e450\" data-element_type=\"section\" data-e-type=\"section\" data-settings=\"{&quot;background_background&quot;:&quot;classic&quot;}\">\n\t\t\t\t\t\t<div class=\"elementor-container elementor-column-gap-default\">\n\t\t\t\t\t<div class=\"elementor-column elementor-col-33 elementor-top-column elementor-element elementor-element-c7946eb\" data-id=\"c7946eb\" data-element_type=\"column\" data-e-type=\"column\">\n\t\t\t<div class=\"elementor-widget-wrap elementor-element-populated\">\n\t\t\t\t\t\t<div class=\"elementor-element elementor-element-c85eda3 elementor-widget elementor-widget-heading\" data-id=\"c85eda3\" data-element_type=\"widget\" data-e-type=\"widget\" data-widget_type=\"heading.default\">\n\t\t\t\t<div class=\"elementor-widget-container\">\n\t\t\t\t\t<h4 class=\"elementor-heading-title elementor-size-default\">Slu\u017eby<\/h4>\t\t\t\t<\/div>\n\t\t\t\t<\/div>\n\t\t\t\t\t<\/div>\n\t\t<\/div>\n\t\t\t\t<div class=\"elementor-column elementor-col-33 elementor-top-column elementor-element elementor-element-d047365\" data-id=\"d047365\" data-element_type=\"column\" data-e-type=\"column\">\n\t\t\t<div class=\"elementor-widget-wrap elementor-element-populated\">\n\t\t\t\t\t\t<div class=\"elementor-element elementor-element-b2f8424 elementor-widget elementor-widget-heading\" data-id=\"b2f8424\" data-element_type=\"widget\" data-e-type=\"widget\" data-widget_type=\"heading.default\">\n\t\t\t\t<div class=\"elementor-widget-container\">\n\t\t\t\t\t<h5 class=\"elementor-heading-title elementor-size-default\">Field services<\/h5>\t\t\t\t<\/div>\n\t\t\t\t<\/div>\n\t\t\t\t<div class=\"elementor-element elementor-element-ef23515 elementor-widget elementor-widget-text-editor\" data-id=\"ef23515\" data-element_type=\"widget\" data-e-type=\"widget\" data-widget_type=\"text-editor.default\">\n\t\t\t\t<div class=\"elementor-widget-container\">\n\t\t\t\t\t\t\t\t\t<p>Koncov\u00e1 v\u00fdpo\u010detn\u00ed za\u0159\u00edzen\u00ed budou v\u017edy sou\u010d\u00e1st\u00ed firemn\u00edho IT a p\u0159edstavuj\u00ed nej\u010dast\u011bj\u0161\u00ed starost na\u0161ich z\u00e1kazn\u00edk\u016f. Slu\u017eby spr\u00e1vy obsahuj\u00ed zejm\u00e9na \u010dist\u00e9 instalace, aktualizace, nastaven\u00ed opr\u00e1vn\u011bn\u00ed dle vnitrofiremn\u00ed politiky a spr\u00e1vu softwarov\u00fdch \u0161ablon. Field services zaji\u0161\u0165ujeme prost\u0159ednictv\u00edm partnersk\u00e9 s\u00edt\u011b kvalifikovan\u00fdch technik\u016f ve v\u0161ech kraj\u00edch a region\u00e1ln\u00edmi dohledov\u00fdmi centry v Praze a Olomouci .<\/p>\t\t\t\t\t\t\t\t<\/div>\n\t\t\t\t<\/div>\n\t\t\t\t<div class=\"elementor-element elementor-element-c09e351 elementor-widget elementor-widget-image\" data-id=\"c09e351\" data-element_type=\"widget\" data-e-type=\"widget\" data-widget_type=\"image.default\">\n\t\t\t\t<div class=\"elementor-widget-container\">\n\t\t\t\t\t\t\t\t\t\t\t\t\t\t\t<img fetchpriority=\"high\" decoding=\"async\" width=\"709\" height=\"709\" src=\"https:\/\/www.gigant.cz\/wp-content\/uploads\/2023\/09\/gigant-fieldservices.jpg\" class=\"attachment-medium_large size-medium_large wp-image-252\" alt=\"\" srcset=\"https:\/\/www.gigant.cz\/wp-content\/uploads\/2023\/09\/gigant-fieldservices.jpg 709w, https:\/\/www.gigant.cz\/wp-content\/uploads\/2023\/09\/gigant-fieldservices-300x300.jpg 300w, https:\/\/www.gigant.cz\/wp-content\/uploads\/2023\/09\/gigant-fieldservices-150x150.jpg 150w\" sizes=\"(max-width: 709px) 100vw, 709px\" \/>\t\t\t\t\t\t\t\t\t\t\t\t\t\t\t<\/div>\n\t\t\t\t<\/div>\n\t\t\t\t<div class=\"elementor-element elementor-element-027b705 elementor-widget elementor-widget-spacer\" data-id=\"027b705\" data-element_type=\"widget\" data-e-type=\"widget\" data-widget_type=\"spacer.default\">\n\t\t\t\t<div class=\"elementor-widget-container\">\n\t\t\t\t\t\t\t<div class=\"elementor-spacer\">\n\t\t\t<div class=\"elementor-spacer-inner\"><\/div>\n\t\t<\/div>\n\t\t\t\t\t\t<\/div>\n\t\t\t\t<\/div>\n\t\t\t\t<div class=\"elementor-element elementor-element-540a1b1 elementor-widget elementor-widget-heading\" data-id=\"540a1b1\" data-element_type=\"widget\" data-e-type=\"widget\" data-widget_type=\"heading.default\">\n\t\t\t\t<div class=\"elementor-widget-container\">\n\t\t\t\t\t<h5 class=\"elementor-heading-title elementor-size-default\">Kybernetick\u00e1 bezpe\u010dnost<\/h5>\t\t\t\t<\/div>\n\t\t\t\t<\/div>\n\t\t\t\t<div class=\"elementor-element elementor-element-88ecaad elementor-widget elementor-widget-text-editor\" data-id=\"88ecaad\" data-element_type=\"widget\" data-e-type=\"widget\" data-widget_type=\"text-editor.default\">\n\t\t\t\t<div class=\"elementor-widget-container\">\n\t\t\t\t\t\t\t\t\t<p>\u00datok\u016fm na intern\u00ed IT se ned\u00e1 zabr\u00e1nit. D\u00edky spr\u00e1vn\u00fdm ochrann\u00fdm opat\u0159en\u00edm se v\u0161ak st\u00e1vaj\u00ed m\u00e9n\u011b efektivn\u00edmi. Zejm\u00e9na d\u00edky dob\u0159e nastaven\u00fdm proces\u016fm, implementovan\u00e9mu monitoringu, spr\u00e1vn\u011b navr\u017een\u00e9 architektu\u0159e vnitrofiremn\u00ed infrastruktury a kvalitn\u00edm z\u00e1lohovac\u00edm pl\u00e1n\u016fm, lze \u00fatoky bu\u010f neutralizovat, p\u0159\u00edpadn\u011b vznikl\u00e9 \u0161kody minimimalizovat.<\/p>\t\t\t\t\t\t\t\t<\/div>\n\t\t\t\t<\/div>\n\t\t\t\t<div class=\"elementor-element elementor-element-9ee0888 elementor-widget elementor-widget-spacer\" data-id=\"9ee0888\" data-element_type=\"widget\" data-e-type=\"widget\" data-widget_type=\"spacer.default\">\n\t\t\t\t<div class=\"elementor-widget-container\">\n\t\t\t\t\t\t\t<div class=\"elementor-spacer\">\n\t\t\t<div class=\"elementor-spacer-inner\"><\/div>\n\t\t<\/div>\n\t\t\t\t\t\t<\/div>\n\t\t\t\t<\/div>\n\t\t\t\t<div class=\"elementor-element elementor-element-ec8f881 elementor-widget elementor-widget-image\" data-id=\"ec8f881\" data-element_type=\"widget\" data-e-type=\"widget\" data-widget_type=\"image.default\">\n\t\t\t\t<div class=\"elementor-widget-container\">\n\t\t\t\t\t\t\t\t\t\t\t\t\t\t\t<img decoding=\"async\" width=\"709\" height=\"709\" src=\"https:\/\/www.gigant.cz\/wp-content\/uploads\/2023\/09\/gigant_cybersecurity.jpg\" class=\"attachment-medium_large size-medium_large wp-image-253\" alt=\"\" srcset=\"https:\/\/www.gigant.cz\/wp-content\/uploads\/2023\/09\/gigant_cybersecurity.jpg 709w, https:\/\/www.gigant.cz\/wp-content\/uploads\/2023\/09\/gigant_cybersecurity-300x300.jpg 300w, https:\/\/www.gigant.cz\/wp-content\/uploads\/2023\/09\/gigant_cybersecurity-150x150.jpg 150w\" sizes=\"(max-width: 709px) 100vw, 709px\" \/>\t\t\t\t\t\t\t\t\t\t\t\t\t\t\t<\/div>\n\t\t\t\t<\/div>\n\t\t\t\t\t<\/div>\n\t\t<\/div>\n\t\t\t\t<div class=\"elementor-column elementor-col-33 elementor-top-column elementor-element elementor-element-c4224ca\" data-id=\"c4224ca\" data-element_type=\"column\" data-e-type=\"column\">\n\t\t\t<div class=\"elementor-widget-wrap elementor-element-populated\">\n\t\t\t\t\t\t<div class=\"elementor-element elementor-element-3cfe18f elementor-widget elementor-widget-heading\" data-id=\"3cfe18f\" data-element_type=\"widget\" data-e-type=\"widget\" data-widget_type=\"heading.default\">\n\t\t\t\t<div class=\"elementor-widget-container\">\n\t\t\t\t\t<h5 class=\"elementor-heading-title elementor-size-default\">Z\u00e1lohov\u00e1n\u00ed<\/h5>\t\t\t\t<\/div>\n\t\t\t\t<\/div>\n\t\t\t\t<div class=\"elementor-element elementor-element-86dc8fd elementor-widget elementor-widget-text-editor\" data-id=\"86dc8fd\" data-element_type=\"widget\" data-e-type=\"widget\" data-widget_type=\"text-editor.default\">\n\t\t\t\t<div class=\"elementor-widget-container\">\n\t\t\t\t\t\t\t\t\t<p>Nastaven\u00ed z\u00e1lohovac\u00edch pl\u00e1n\u016f pro firemn\u00ed, poskytnut\u00ed \u0159e\u0161en\u00ed pro z\u00e1lohov\u00e1n\u00ed a obnoven\u00ed ze z\u00e1lohy pat\u0159\u00ed spolu se slu\u017ebami z oblasti kybernetick\u00e9 bezpe\u010dnosti k na\u0161im nejpopul\u00e1rn\u011bj\u0161\u00edm slu\u017eb\u00e1m. \u0158e\u0161en\u00ed stav\u00edme prim\u00e1rn\u011b na enterprise SW technologi\u00edch spole\u010dnosti Veeam a Cohesity.<\/p>\t\t\t\t\t\t\t\t<\/div>\n\t\t\t\t<\/div>\n\t\t\t\t<div class=\"elementor-element elementor-element-9082165 elementor-widget elementor-widget-spacer\" data-id=\"9082165\" data-element_type=\"widget\" data-e-type=\"widget\" data-widget_type=\"spacer.default\">\n\t\t\t\t<div class=\"elementor-widget-container\">\n\t\t\t\t\t\t\t<div class=\"elementor-spacer\">\n\t\t\t<div class=\"elementor-spacer-inner\"><\/div>\n\t\t<\/div>\n\t\t\t\t\t\t<\/div>\n\t\t\t\t<\/div>\n\t\t\t\t<div class=\"elementor-element elementor-element-a234623 elementor-widget elementor-widget-image\" data-id=\"a234623\" data-element_type=\"widget\" data-e-type=\"widget\" data-widget_type=\"image.default\">\n\t\t\t\t<div class=\"elementor-widget-container\">\n\t\t\t\t\t\t\t\t\t\t\t\t\t\t\t<img decoding=\"async\" width=\"709\" height=\"709\" src=\"https:\/\/www.gigant.cz\/wp-content\/uploads\/2023\/09\/gigant_backup.jpg\" class=\"attachment-large size-large wp-image-255\" alt=\"\" srcset=\"https:\/\/www.gigant.cz\/wp-content\/uploads\/2023\/09\/gigant_backup.jpg 709w, https:\/\/www.gigant.cz\/wp-content\/uploads\/2023\/09\/gigant_backup-300x300.jpg 300w, https:\/\/www.gigant.cz\/wp-content\/uploads\/2023\/09\/gigant_backup-150x150.jpg 150w\" sizes=\"(max-width: 709px) 100vw, 709px\" \/>\t\t\t\t\t\t\t\t\t\t\t\t\t\t\t<\/div>\n\t\t\t\t<\/div>\n\t\t\t\t<div class=\"elementor-element elementor-element-4f3ea0f elementor-widget elementor-widget-spacer\" data-id=\"4f3ea0f\" data-element_type=\"widget\" data-e-type=\"widget\" data-widget_type=\"spacer.default\">\n\t\t\t\t<div class=\"elementor-widget-container\">\n\t\t\t\t\t\t\t<div class=\"elementor-spacer\">\n\t\t\t<div class=\"elementor-spacer-inner\"><\/div>\n\t\t<\/div>\n\t\t\t\t\t\t<\/div>\n\t\t\t\t<\/div>\n\t\t\t\t<div class=\"elementor-element elementor-element-41ea162 elementor-widget elementor-widget-heading\" data-id=\"41ea162\" data-element_type=\"widget\" data-e-type=\"widget\" data-widget_type=\"heading.default\">\n\t\t\t\t<div class=\"elementor-widget-container\">\n\t\t\t\t\t<h5 class=\"elementor-heading-title elementor-size-default\">IT asset management<\/h5>\t\t\t\t<\/div>\n\t\t\t\t<\/div>\n\t\t\t\t<div class=\"elementor-element elementor-element-5f82894 elementor-widget elementor-widget-text-editor\" data-id=\"5f82894\" data-element_type=\"widget\" data-e-type=\"widget\" data-widget_type=\"text-editor.default\">\n\t\t\t\t<div class=\"elementor-widget-container\">\n\t\t\t\t\t\t\t\t\t<p>Koncov\u00e1 za\u0159\u00edzen\u00ed nen\u00ed nutn\u00e9 jen spravovat, instalovat a aktualizovat, ale tak\u00e9 v\u00fdhodn\u011b nakupovat a starat se o jejich \u017eivotnost. D\u00edky partnersk\u00e9 s\u00edti a dlouholet\u00fdm zku\u0161enostem z\u00e1kazn\u00edk\u016fm zaji\u0161\u0165ujeme koncov\u00e1 za\u0159\u00edzen\u00ed formou flexibiln\u00ed slu\u017eby, co\u017e p\u0159in\u00e1\u0161\u00ed pot\u0159ebnou flexibilitu a kontinu\u00e1ln\u00ed genera\u010dn\u00ed obnovu notebook\u016f, mobiln\u00edch telefon\u016f, firemn\u00edch s\u00edt\u00ed a jin\u00fdch IT periferi\u00ed, jako mohou b\u00fdt monitory a tisk\u00e1rny.<\/p>\t\t\t\t\t\t\t\t<\/div>\n\t\t\t\t<\/div>\n\t\t\t\t<div class=\"elementor-element elementor-element-afc9f54 elementor-widget elementor-widget-image\" data-id=\"afc9f54\" data-element_type=\"widget\" data-e-type=\"widget\" data-widget_type=\"image.default\">\n\t\t\t\t<div class=\"elementor-widget-container\">\n\t\t\t\t\t\t\t\t\t\t\t\t\t\t\t<img loading=\"lazy\" decoding=\"async\" width=\"709\" height=\"709\" src=\"https:\/\/www.gigant.cz\/wp-content\/uploads\/2023\/09\/gigant_itassets.jpg\" class=\"attachment-large size-large wp-image-254\" alt=\"\" srcset=\"https:\/\/www.gigant.cz\/wp-content\/uploads\/2023\/09\/gigant_itassets.jpg 709w, https:\/\/www.gigant.cz\/wp-content\/uploads\/2023\/09\/gigant_itassets-300x300.jpg 300w, https:\/\/www.gigant.cz\/wp-content\/uploads\/2023\/09\/gigant_itassets-150x150.jpg 150w\" sizes=\"(max-width: 709px) 100vw, 709px\" \/>\t\t\t\t\t\t\t\t\t\t\t\t\t\t\t<\/div>\n\t\t\t\t<\/div>\n\t\t\t\t\t<\/div>\n\t\t<\/div>\n\t\t\t\t\t<\/div>\n\t\t<\/section>\n\t\t\t\t<section class=\"elementor-section elementor-top-section elementor-element elementor-element-cb24168 elementor-section-boxed elementor-section-height-default elementor-section-height-default\" data-id=\"cb24168\" data-element_type=\"section\" data-e-type=\"section\" data-settings=\"{&quot;background_background&quot;:&quot;classic&quot;}\">\n\t\t\t\t\t\t<div class=\"elementor-container elementor-column-gap-default\">\n\t\t\t\t\t<div class=\"elementor-column elementor-col-50 elementor-top-column elementor-element elementor-element-6dac4cd\" data-id=\"6dac4cd\" data-element_type=\"column\" data-e-type=\"column\">\n\t\t\t<div class=\"elementor-widget-wrap\">\n\t\t\t\t\t\t\t<\/div>\n\t\t<\/div>\n\t\t\t\t<div class=\"elementor-column elementor-col-50 elementor-top-column elementor-element elementor-element-2c5d5fd\" data-id=\"2c5d5fd\" data-element_type=\"column\" data-e-type=\"column\">\n\t\t\t<div class=\"elementor-widget-wrap elementor-element-populated\">\n\t\t\t\t\t\t<div class=\"elementor-element elementor-element-114c8b5 elementor-widget elementor-widget-spacer\" data-id=\"114c8b5\" data-element_type=\"widget\" data-e-type=\"widget\" data-widget_type=\"spacer.default\">\n\t\t\t\t<div class=\"elementor-widget-container\">\n\t\t\t\t\t\t\t<div class=\"elementor-spacer\">\n\t\t\t<div class=\"elementor-spacer-inner\"><\/div>\n\t\t<\/div>\n\t\t\t\t\t\t<\/div>\n\t\t\t\t<\/div>\n\t\t\t\t\t<\/div>\n\t\t<\/div>\n\t\t\t\t\t<\/div>\n\t\t<\/section>\n\t\t\t\t<\/div>\n\t\t","protected":false},"excerpt":{"rendered":"<p>Slu\u017eby Field services Koncov\u00e1 v\u00fdpo\u010detn\u00ed za\u0159\u00edzen\u00ed budou v\u017edy sou\u010d\u00e1st\u00ed firemn\u00edho IT a p\u0159edstavuj\u00ed nej\u010dast\u011bj\u0161\u00ed starost na\u0161ich z\u00e1kazn\u00edk\u016f. Slu\u017eby spr\u00e1vy obsahuj\u00ed zejm\u00e9na \u010dist\u00e9 instalace, aktualizace, nastaven\u00ed opr\u00e1vn\u011bn\u00ed dle vnitrofiremn\u00ed politiky a spr\u00e1vu softwarov\u00fdch \u0161ablon. Field services zaji\u0161\u0165ujeme prost\u0159ednictv\u00edm partnersk\u00e9 s\u00edt\u011b kvalifikovan\u00fdch technik\u016f ve v\u0161ech kraj\u00edch a region\u00e1ln\u00edmi dohledov\u00fdmi centry v Praze a Olomouci . Kybernetick\u00e1 bezpe\u010dnost&hellip;&nbsp;<\/p>\n","protected":false},"author":2,"featured_media":0,"parent":0,"menu_order":0,"comment_status":"closed","ping_status":"closed","template":"page-templates\/template-pagebuilder-full-width.php","meta":{"neve_meta_sidebar":"","neve_meta_container":"","neve_meta_enable_content_width":"","neve_meta_content_width":0,"neve_meta_title_alignment":"","neve_meta_author_avatar":"","neve_post_elements_order":"","neve_meta_disable_header":"","neve_meta_disable_footer":"on","neve_meta_disable_title":"","footnotes":""},"class_list":["post-30","page","type-page","status-publish","hentry"],"_links":{"self":[{"href":"https:\/\/www.gigant.cz\/index.php?rest_route=\/wp\/v2\/pages\/30","targetHints":{"allow":["GET"]}}],"collection":[{"href":"https:\/\/www.gigant.cz\/index.php?rest_route=\/wp\/v2\/pages"}],"about":[{"href":"https:\/\/www.gigant.cz\/index.php?rest_route=\/wp\/v2\/types\/page"}],"author":[{"embeddable":true,"href":"https:\/\/www.gigant.cz\/index.php?rest_route=\/wp\/v2\/users\/2"}],"replies":[{"embeddable":true,"href":"https:\/\/www.gigant.cz\/index.php?rest_route=%2Fwp%2Fv2%2Fcomments&post=30"}],"version-history":[{"count":91,"href":"https:\/\/www.gigant.cz\/index.php?rest_route=\/wp\/v2\/pages\/30\/revisions"}],"predecessor-version":[{"id":349,"href":"https:\/\/www.gigant.cz\/index.php?rest_route=\/wp\/v2\/pages\/30\/revisions\/349"}],"wp:attachment":[{"href":"https:\/\/www.gigant.cz\/index.php?rest_route=%2Fwp%2Fv2%2Fmedia&parent=30"}],"curies":[{"name":"wp","href":"https:\/\/api.w.org\/{rel}","templated":true}]}}